?
-1
Let i(x) = -772*x + 12224. Give i(15).
644
Let x(r) = 223*r**2 + 13176*r + 1093. What is x(-59)?
-28
Let a(d) = 2*d**2 - 773*d + 55814. What is a(96)?
38
Let c(g) = -g**3 + 50*g**2 + 818*g + 10. Calculate c(-13).
23
Let h(v) = -v**3 - 104*v**2 - 1360*v + 280. Determine h(-89).
2505
Let m(f) = -f**2 - 58804*f + 1470729. What is m(25)?
4
Let g(l) = -2*l**2 + 2196*l - 17439. What is g(8)?
1
Let t(b) = -83*b**2 + 5896*b - 94. What is t(71)?
119
Let g(q) = -2*q**2 + 82*q - 574. Calculate g(30).
86
Let r(f) = -251197*f - 40442711. Calculate r(-161).
6
Let k(n) = n**3 - 43*n**2 + 441*n - 1010. Calculate k(29).
5
Let z(l) = 28736*l - 402405. Calculate z(14).
-101
Let g(l) = 140*l**3 - l**2 - 40*l + 69. Determine g(2).
1105
Let k(z) = z**3 + 104*z**2 - 370*z - 48712. Give k(-103).
7
Let l(o) = 43725*o + 306074. Calculate l(-7).
-1
Let w(g) = -2*g**2 + 6963*g + 34879. Calculate w(-5).
14
Let s(k) = 9962031*k + 9962030. Give s(-1).
-1
Let b(y) = -y**3 - 674*y**2 + 27853*y + 32740. Calculate b(-713).
-58
Let c(y) = -110*y**2 - 86*y + 287. Determine c(3).
-961
Let z(g) = -1282*g - 4868. Calculate z(-3).
-1022
Let j(y) = y**3 - 30*y**2 + 32*y + 8. Determine j(29).
95
Let d(r) = -1390*r + 179276. What is d(129)?
-34
Let v(h) = h**2 + 2846*h - 19976. Calculate v(7).
-5
Let c(z) = 230*z**2 + 736*z + 2211. Determine c(-3).
2073
Let q(z) = z**2 - 3018*z - 36186. What is q(-12)?
174
Let d(t) = -t**3 + 529*t**2 - 1612*t + 17923. What is d(526)?
39
Let a(w) = 1398*w + 11257. Determine a(-8).
73
Let s(g) = -g**3 + 59*g**2 - 193*g + 806. Determine s(55).
2291
Let c(h) = h**3 - 12*h**2 + 98*h - 582. Calculate c(8).
-54
Let n(b) = 40*b - 5952. Calculate n(149).
8
Let u(a) = 7*a**3 - 894*a**2 - 266*a - 714. What is u(128)?
-1994
Let r(p) = 13*p**2 + 733*p + 9419. Calculate r(-33).
-613
Let m(l) = -2852*l + 8507. Determine m(3).
-49
Let z(s) = -20*s**2 + 472*s + 1534. Calculate z(-3).
-62
Let d(u) = -40*u**3 - 171*u**2 - 594*u - 1314. Calculate d(-3).
9
Let c(a) = -9402*a + 150453. Determine c(16).
21
Let j(b) = -4*b**2 - 32584*b - 32585. What is j(-1)?
-5
Let r(m) = 3*m**2 - 945*m + 5694. Calculate r(6).
132
Let i(q) = 137542*q - 2063114. What is i(15)?
16
Let t(a) = -766*a + 351. What is t(0)?
351
Let y(z) = z**3 + 89*z**2 + 567*z - 708. Calculate y(-82).
-134
Let j(n) = -4*n**3 - 7*n**2 + 248*n - 9. Calculate j(8).
-521
Let m(u) = u**2 - 2887*u + 17289. Determine m(6).
3
Let i(y) = -y**2 - 457209*y - 5486353. What is i(-12)?
11
Let p(y) = -70*y**2 + 1285*y - 446. Determine p(18).
4
Let i(r) = 2*r**2 - 2075*r - 25177. What is i(-12)?
11
Let s(o) = -o**2 + 136*o - 4766. Give s(60).
-206
Let w(a) = a**3 - 185*a**2 + 365*a + 149. What is w(183)?
-34
Let t(c) = -c**3 + 69*c**2 - 1175*c - 598. What is t(34)?
-88
Let a(v) = -15*v**3 - 10930*v**2 + 3645*v + 30. Give a(-729).
30
Let i(q) = -77*q - 34. Determine i(8).
-650
Let h(s) = s**3 + 7*s**2 + 66*s + 105. Give h(-2).
-7
Let r(x) = x**2 + 49*x - 2116. Calculate r(29).
146
Let r(l) = l**2 + 159*l + 4110. Calculate r(-33).
-48
Let z(r) = -18*r**3 - 339*r**2 + 64*r + 174. Determine z(-19).
41
Let d(o) = -6*o**3 + 46*o**2 - 14*o + 7. Give d(9).
-767
Let w(o) = -o**3 + 34*o**2 + 767*o - 1567. Determine w(49).
1
Let x(d) = -39613*d - 1228012. Give x(-31).
-9
Let u(v) = -v**3 - 17*v**2 - 185*v - 2858. Determine u(-14).
-856
Let b(s) = -61025*s + 1708706. What is b(28)?
6
Let j(g) = -g**3 + 10*g**2 - 116*g + 718. What is j(7)?
53
Let u(d) = -2*d**2 + 2414*d - 19122. Determine u(8).
62
Let q(j) = j**3 + 47*j**2 + 426*j + 3132. Determine q(-38).
-60
Let x(a) = 40041*a - 6887059. Determine x(172).
-7
Let y(g) = -21*g**2 - 232*g + 947. Determine y(-14).
79
Let o(i) = -11*i**2 + 3021*i + 233970. What is o(-63)?
-12
Let b(i) = 94*i**2 + 692*i + 63. Give b(-6).
-705
Let w(y) = 5*y**3 + 63*y**2 + 125*y + 5. Calculate w(-11).
-402
Let f(h) = 926*h - 10266. Calculate f(11).
-80
Let z(h) = 66977*h - 669888. Give z(10).
-118
Let b(w) = 75254*w + 1881350. Give b(-25).
0
Let x(v) = -2*v**3 - 223*v**2 + 1043*v - 81. Determine x(-116).
35
Let b(o) = o**3 - 86*o**2 - 1967*o - 2877. What is b(105)?
63
Let c(v) = 15062*v + 120354. Give c(-8).
-142
Let y(h) = 6564*h**2 + 1017420*h - 23. Calculate y(-155).
-23
Let u(i) = i**2 + 290*i - 43515. What is u(109)?
-24
Let c(b) = 49667*b - 1738297. Give c(35).
48
Let g(r) = -195*r + 23535. Determine g(122).
-255
Let m(k) = -11*k**3 + 4753*k**2 + 4326*k + 560. Give m(433).
-1172
Let h(n) = 2*n**2 + 16*n - 173. What is h(12)?
307
Let c(a) = -226*a**3 - 1130*a**2 - 648*a - 3244. Give c(-5).
-4
Let f(m) = 5819*m + 11695. Determine f(-2).
57
Let t(w) = 178*w + 306. Give t(-2).
-50
Let n(z) = -z**3 - 233*z - 1613. What is n(-6)?
1
Let u(p) = -8*p**3 + 239*p**2 + 32*p - 143. Calculate u(30).
-83
Let o(x) = -4*x**3 - 61*x**2 - 100*x + 217. Determine o(-13).
-4
Let m(q) = 52*q + 2924. Give m(-48).
428
Let s(t) = 5*t**3 - 148*t**2 - 56*t - 216. What is s(30)?
-96
Let c(h) = -h**3 - 34*h**2 - 39*h + 898. Calculate c(-32).
98
Let m(r) = -5963*r + 298213. Give m(50).
63
Let h(g) = -17*g**2 - 1172*g + 1454. Give h(-67).
3665
Let l(h) = 21*h**2 - 7*h - 2805. Calculate l(12).
135
Let c(o) = 31*o - 77. Give c(-22).
-759
Let y(d) = -1672*d - 45242. Give y(-27).
-98
Let z(l) = 45767*l - 3752896. What is z(82)?
-2
Let u(n) = 3*n**2 + 52*n - 4983. What is u(-46)?
-1027
Let v(n) = -292*n - 51888. Determine v(-181).
964
Let p(a) = 32*a**2 + 2582*a - 6145. What is p(-83)?
-3
Let w(c) = -7096*c + 496670. Calculate w(70).
-50
Let a(j) = -j**3 - 18*j**2 + 23*j + 1070. Give a(-13).
-74
Let r(o) = 5*o**2 + 89*o + 119. Calculate r(0).
119
Let m(c) = -c**3 - 17*c**2 - 13437*c - 228435. What is m(-17)?
-6
Let k(t) = -11693*t - 631453. Determine k(-54).
-31
Let t(h) = 6949*h**2 + 708792*h - 610. Determine t(-102).
2
Let i(w) = -5*w**2 + 84*w + 2952. Give i(34).
28
Let g(i) = -2418*i + 164430. What is g(68)?
6
Let m(g) = -47794*g + 1386032. Determine m(29).
6
Let g(q) = -182*q**2 + 190*q - 470. Give g(3).
-1538
Let a(i) = 5132*i - 66730. What is a(13)?
-14
Let d(x) = -5*x**3 + 26*x**2 + x - 103. Calculate d(9).
-1633
Let t(z) = 860*z - 1867. Calculate t(1).
-1007
Let r(i) = 2*i**2 - 1152*i + 151107. Give r(202).
11
Let c(u) = -368*u + 11860. Give c(34).
-652
Let j(n) = -3*n**2 - 135*n + 2200. Give j(14).
-278
Let m(k) = -47*k**2 - 1544*k - 2898. Give m(-2).
2
Let g(f) = 7799*f + 850062. What is g(-109)?
-29
Let f(o) = -1467*o + 646534. Determine f(441).
-413
Let b(y) = -4*y**3 + 272*y**2 - 16*y - 804. Determine b(68).
-1892
Let y(d) = 2*d**3 - 48*d**2 + 257*d - 344. What is y(6)?
-98
Let d(b) = -b**3 - 26*b**2 - 6299*b - 61401. Determine d(-10).
-11
Let u(s) = -s**3 + 78*s**2 - 156*s + 230. What is u(76)?
-74
Let o(z) = -z**3 + 360*z**2 - 5980*z - 3161. Determine o(18).
7
Let q(t) = -1806*t - 727811. Give q(-403).
7
Let y(j) = 2*j**2 + 9865*j - 98730. Give y(10).
120
Let n(r) = r**3 - 47*r**2 + 57*r - 2601. Determine n(47).
78
Let j(c) = -2*c**3 + 204*c**2 - 781*c + 124502. Give j(104).
14
Let r(k) = -3*k**3 + 990*k**2 - 25353*k - 4517. What is r(302)?
13
Let d(a) = 128*a**2 - 1304*a + 453. What is d(10)?
213
Let c(s) = 561*s**3 - 5*s**2 - 3*s + 8. Calculate c(1).
561
Let r(f) = -48*f**2 + 2394*f - 4792. What is r(2)?
-196
Let j(i) = -i**2 + 57*i - 190. Give j(4).
22
Let c(n) = -n**3 + 48*n**2 + 116*n + 1859. Give c(51).
-28
Let a(k) = -4*k**2 - 6539*k + 52446. Calculate a(8).
-122
Let x(h) = 4*h**2 + 581*h + 18889. Determine x(-96).
-23
Let t(y) = 80658*y + 8953032. Give t(-111).
-6
Let r(t) = -485*t**2 - 141619*t + 453. Give r(-292).
161
Let x(j) = 490*j**2 + 5952*j + 38. Determine x(-12).
-826
Let f(o) = 210*o + 7408. Determine f(-35).
58
Let l(c) = -70151*c + 70144. Calculate l(1).
-7
Let a(j) = -965*j + 4731. Calculate a(5).
-94
Let s(f) = 163*f**2 + 1958*f + 71. What is s(-12)?
47
Let w(d) = 221*d + 89. Determine w(-2).
-353
Let i(v) = -2*v**2 - 12880*v - 9. Give i(0).
-9
Let k(l) = -l**3 + 70*l**2 + 163*l - 371. Give k(72).
997
Let q(a) = 2*a**2 + 30769*a + 1196954. Give q(-39).
5
Let z(h) = -h**3 + 75*h**2 - 182*h + 8003. Determine z(74).
11
Let a(x) = -2*x**3 - 36*x**2 - 144*x - 382. Give a(-13).
-200
Let h(y) = -39*y**3 - 1007*y**2 + 189*y - 129. Give h(-26).
-311
Let w(i) = 882*i + 774432. Give w(-878).
36
Let l(w) = w**